{"id":2,"date":"2024-07-12T13:09:24","date_gmt":"2024-07-12T13:09:24","guid":{"rendered":"https:\/\/nansenveien.no\/?page_id=2"},"modified":"2025-03-27T19:10:08","modified_gmt":"2025-03-27T19:10:08","slug":"sample-page","status":"publish","type":"page","link":"https:\/\/nansenveien.no\/?page_id=2","title":{"rendered":"Informasjon"},"content":{"rendered":"\n<h2 class=\"wp-block-heading\">Dyrehold.<\/h2>\n\n\n\n<p>Det er generelt ikke tillatt \u00e5 ha dyr, inkludert fugler og reptiler, innen borettslaget Nansenveien 14 AL. Den enkelte borettshaver kan likevel en begrunnet s\u00f8knad til styret om dyrehold. Blir dette innvilget, skal det inng\u00e5s en avtale mellom borettshaveren og borettslaget om dette. Styret har delegert til styreleder \u00e5 behandle disse s\u00f8knadene etter satte retningslinjer gitt av styret. Borettshaver bes ta n\u00f8ye hensyn til naboer i forhold til allergier og st\u00f8y n\u00e5r det gjelder dyrehold. Dyrehold skal ikke v\u00e6re til sjenanse for andre beboere. En s\u00f8knad kan rettes via e-post til nansenveien@gmail.com En s\u00f8knad skal fylles ut p\u00e5 RINGBO sitt standard s\u00f8knadsskjema for dyrehold. <\/p>\n\n\n\n<details class=\"wp-block-details is-layout-flow wp-block-details-is-layout-flow\"><summary>S\u00f8knadsskjema, informasjon og rutiner.<\/summary>\n<div data-wp-interactive=\"core\/file\" class=\"wp-block-file\"><object data-wp-bind--hidden=\"!state.hasPdfPreview\" hidden class=\"wp-block-file__embed\" data=\"https:\/\/nansenveien.no\/wp-content\/uploads\/2025\/03\/1.-2024-Rutine-for-behandling-av-soknader-om-dyrehold-1.pdf\" type=\"application\/pdf\" style=\"width:100%;height:600px\" aria-label=\"Innbygging av 1. 2024 Rutine for behandling av s\u00f8knader om dyrehold\"><\/object><a id=\"wp-block-file--media-9ccb650c-b3bc-454e-8e90-af9a8720238e\" href=\"https:\/\/nansenveien.no\/wp-content\/uploads\/2025\/03\/1.-2024-Rutine-for-behandling-av-soknader-om-dyrehold-1.pdf\">1. 2024 Rutine for behandling av s\u00f8knader om dyrehold<\/a><a href=\"https:\/\/nansenveien.no\/wp-content\/uploads\/2025\/03\/1.-2024-Rutine-for-behandling-av-soknader-om-dyrehold-1.pdf\" class=\"wp-block-file__button wp-element-button\" download aria-describedby=\"wp-block-file--media-9ccb650c-b3bc-454e-8e90-af9a8720238e\">Last ned<\/a><\/div>\n<\/details>\n\n\n\n<h2 class=\"wp-block-heading\">Refusjon skifte av sluk.<\/h2>\n\n\n\n<p>Det er styret som har ansvar for skifte av sluk i leilighetene i henhold til vedtektene. Men styret kan ogs\u00e5 bestemme n\u00e5r dette skal gj\u00f8res. Styret i Nansenveien brl har valgt \u00e5 praktisere en ordning hvor den enkelte andelseier f\u00e5r refundert utgifter til skifte av sluk. Styret mener at det er b\u00e5de fornuftig og lurt at sluk skiftes n\u00e5r leiligheter pusses opp.<\/p>\n\n\n\n<p>Styret har satt noen retningslinjer for h\u00e5ndteringen av dette. S\u00f8knad som fyller retningslinjene for refusjon etter skifte av sluk kan rettes til styreleder per e-post til nansenveien@gmail.com <\/p>\n\n\n\n<details class=\"wp-block-details is-layout-flow wp-block-details-is-layout-flow\"><summary>Retningslinjer for refusjon skifte av sluk.<\/summary>\n<div data-wp-interactive=\"core\/file\" class=\"wp-block-file\"><object data-wp-bind--hidden=\"!state.hasPdfPreview\" hidden class=\"wp-block-file__embed\" data=\"https:\/\/nansenveien.no\/wp-content\/uploads\/2025\/03\/2025.-Skifte-av-sluk.pdf\" type=\"application\/pdf\" style=\"width:100%;height:600px\" aria-label=\"Innbygging av 2025. Skifte av sluk\"><\/object><a id=\"wp-block-file--media-8bc8bc4f-3a9c-4c28-925c-0cb4eab77f78\" href=\"https:\/\/nansenveien.no\/wp-content\/uploads\/2025\/03\/2025.-Skifte-av-sluk.pdf\">2025. Skifte av sluk<\/a><a href=\"https:\/\/nansenveien.no\/wp-content\/uploads\/2025\/03\/2025.-Skifte-av-sluk.pdf\" class=\"wp-block-file__button wp-element-button\" download aria-describedby=\"wp-block-file--media-8bc8bc4f-3a9c-4c28-925c-0cb4eab77f78\">Last ned<\/a><\/div>\n<\/details>\n\n\n\n<p><\/p>\n","protected":false},"excerpt":{"rendered":"<p>Dyrehold. Det er generelt ikke tillatt \u00e5 ha dyr, inkludert fugler og reptiler, innen borettslaget Nansenveien 14 AL. Den enkelte borettshaver kan likevel en begrunnet s\u00f8knad til styret om dyrehold. Blir dette innvilget, skal det inng\u00e5s en avtale mellom borettshaveren og borettslaget om dette. Styret har delegert til styreleder \u00e5 behandle disse s\u00f8knadene etter satte [&hellip;]<\/p>\n","protected":false},"author":1,"featured_media":0,"parent":0,"menu_order":0,"comment_status":"closed","ping_status":"open","template":"","meta":{"_themeisle_gutenberg_block_has_review":false,"footnotes":""},"class_list":["post-2","page","type-page","status-publish","hentry"],"_links":{"self":[{"href":"https:\/\/nansenveien.no\/index.php?rest_route=\/wp\/v2\/pages\/2","targetHints":{"allow":["GET"]}}],"collection":[{"href":"https:\/\/nansenveien.no\/index.php?rest_route=\/wp\/v2\/pages"}],"about":[{"href":"https:\/\/nansenveien.no\/index.php?rest_route=\/wp\/v2\/types\/page"}],"author":[{"embeddable":true,"href":"https:\/\/nansenveien.no\/index.php?rest_route=\/wp\/v2\/users\/1"}],"replies":[{"embeddable":true,"href":"https:\/\/nansenveien.no\/index.php?rest_route=%2Fwp%2Fv2%2Fcomments&post=2"}],"version-history":[{"count":6,"href":"https:\/\/nansenveien.no\/index.php?rest_route=\/wp\/v2\/pages\/2\/revisions"}],"predecessor-version":[{"id":129,"href":"https:\/\/nansenveien.no\/index.php?rest_route=\/wp\/v2\/pages\/2\/revisions\/129"}],"wp:attachment":[{"href":"https:\/\/nansenveien.no\/index.php?rest_route=%2Fwp%2Fv2%2Fmedia&parent=2"}],"curies":[{"name":"wp","href":"https:\/\/api.w.org\/{rel}","templated":true}]}}